. Suppose -z = -3*z + u. What is the tens digit of z?
1
Suppose 408 = 4*g + 4*l - 960, 2*g = l + 681. What is the tens digit of g?
4
Suppose 7*a - 6154 = 1959. What is the units digit of a?
9
Let s(f) = 5*f - 8. Let o be s(3). Let p(y) = -9*y + 0*y + y**3 + 13 + o*y + 15*y**2. What is the units digit of p(-15)?
3
Let f be (1/2)/(13/(-234)). Let i be (-2)/6 + 6/f. Let y(x) = -50*x**3 + x**2 + 1. What is the tens digit of y(i)?
5
Let y(j) = j**3 + 2*j + 0*j**3 + 8*j**2 + 0*j**3 + 8. Let f be y(-7). Suppose 4*n + n - 4*q - f = 0, -2*n + 2*q = -18. What is the units digit of n?
7
Let p = 813 - 479. What is the hundreds digit of p?
3
Let g(o) be the first derivative of 42*o**4 - o**2/2 + 2*o - 2. What is the tens digit of g(1)?
6
Suppose -5*d = -q - 47, 49 = -2*q - d + 2*d. Let f = q - -48. What is the units digit of f?
6
Let j(a) = -a - 3. Let f be j(-6). Let i be (f - 4 - -3)/1. Suppose 0 = 2*x - 2, -2*l + i*x + 46 = 2*l. What is the tens digit of l?
1
Let m = -89 + 100. What is the tens digit of m?
1
Let j(f) = -986*f**3 - 3*f**2 + f + 1. What is the units digit of j(-1)?
3
Suppose -4 = d - 664. Suppose -3*k + d = 2*k. What is the units digit of k?
2
Let i(m) = -98*m - 5. Let t(o) = -o + 1. Let n(k) = i(k) + 5*t(k). Let r be n(-1). Let x = r - 65. What is the units digit of x?
8
Suppose 27 + 3 = -2*a. Let l be (-440)/a - 3/9. Suppose 0 = -11*m + 12*m - l. What is the tens digit of m?
2
Suppose 4*r - 8*c + 3*c - 589 = 0, -4*r = 2*c - 554. Let v = -55 + r. What is the units digit of v?
6
Let i(p) = -3*p**3 - p**2. Let x be i(1). Let f be (1*x)/((-4)/16). Suppose -4*g = -f - 60. What is the tens digit of g?
1
Let c be (-4)/(-10) + (-1592)/(-20). Let r = 159 - c. What is the units digit of r?
9
Let f(j) = 2*j**3 - 11*j**2 - 18*j - 19. Let s be f(7). Suppose 3*g = -t - t + 17, 3*g - 3*t - 12 = 0. Suppose -g*v + s*v = -150. What is the units digit of v?
0
Let b = 53 - 48. Let q(t) = 3*t**2 + 2*t - 21. What is the units digit of q(b)?
4
Let w(y) = -2*y**2 - y - 23. Let s(m) = 3*m**2 + 2*m + 45. Let n(b) = -3*s(b) - 5*w(b). What is the units digit of n(7)?
2
What is the units digit of 36584/21 + (-30)/315?
2
Let w = -21 - -11. Let p(a) be the second derivative of -a**3 - 7*a**2/2 + 39*a. What is the units digit of p(w)?
3
Let k(m) = m**3 + m**2 + 5. Let d = -5 - -5. Let g be k(d). Suppose 5 = -5*f, -4*b - 3*f + 118 - g = 0. What is the units digit of b?
9
Suppose 0 = -2*v + c + 483 + 446, -5*v - 2*c + 2300 = 0. What is the hundreds digit of v?
4
Suppose -3*j - 4*p - 97 = 0, 3*p - 44 + 171 = -4*j. Let t = -91 + 37. Let r = j - t. What is the units digit of r?
3
Let f be (-1)/(1 - (-42)/(-39)). Let r = 19 + f. Suppose -3*l - l + r = 0. What is the units digit of l?
8
Let a be -2 + -1 + 50/10. Let k(f) = -f**2 + 4*f - 1. Let v be k(a). What is the units digit of v*141/18*2?
7
Let u(p) = p**2 + p - 2. Let c be u(9). Suppose 0 = -7*v + 410 - c. What is the units digit of v?
6
Let b(f) = f**2 + f + 24. Let o be (-6)/(-5)*(-60)/(-18). Suppose j = -3*c + o - 0, 0 = -c + 3*j - 12. What is the units digit of b(c)?
4
Suppose 230 = -3*z + 50. Let l = -2 - z. What is the units digit of (l/4)/(1/2)?
9
Let j(c) = c**2 + 7. Let o be j(-4). Let d = -39 + o. Let r = d - -66. What is the tens digit of r?
5
Let k(t) = -t**3 + 6*t**2 + 8*t - 7. Let h be 10/35 + (-66)/(-14). Let s be k(h). Let n = -34 + s. What is the tens digit of n?
2
Suppose c - 60 + 23 = 2*a, 143 = 4*c - 3*a. Suppose 0*l - b = -l + 9, 4*l - 5*b - c = 0. What is the units digit of 178/6 - l/(-30)?
0
Suppose -4*g = -45 + 13. Suppose -470 = g*r - 1222. What is the units digit of r?
4
Let l(x) be the first derivative of 0*x - 7 - 37/2*x**2. What is the units digit of l(-1)?
7
Let o = 149 + -93. Let t = o + -101. What is the units digit of 32/(-3)*t/20?
4
Let t(c) = -3*c + 6. Let b(s) = 6*s - 12. Let x(k) = 4*b(k) + 9*t(k). Suppose -2*u + 5*n - 14 = 0, -8 = -5*u - n - 43. What is the tens digit of x(u)?
2
Suppose -2*l + 5 - 7 = 0. Let j be (-2 + l)/((-12)/84). Suppose c = 5*t + j, -c - t + 105 = 4*c. What is the units digit of c?
1
Let k(v) = -2*v + 8. Let g be k(6). Let t(y) = y**2 + 2*y + 3. Let a be t(g). Suppose 5*o - 199 = a. What is the tens digit of o?
4
Let n be ((-26)/8)/(-1*(-1)/(-8)). Suppose 0*j + j - 69 = 0. Suppose 5*m = j + n. What is the tens digit of m?
1
Suppose -i = 4 - 6. Suppose -i*d = -d - 56. What is the units digit of d?
6
Let v = 27 - -17. Let l = v - 3. What is the units digit of l?
1
Let y(k) = -k - 8. Let c be y(-14). Suppose w - c*w - 3*p + 664 = 0, 0 = -4*w + 2*p + 540. What is the hundreds digit of w?
1
Let b(j) = -j**2 + 4*j + 2. Let o be b(4). Suppose -5*v - 34 - 26 = -4*c, 0 = v + 4. Suppose 0 = o*z - 3*z + c. What is the tens digit of z?
1
Let n(g) be the third derivative of -19*g**4/24 + 9*g**2. What is the units digit of n(-2)?
8
Suppose 3*t + 7 = -20. Let v be 110/(-9) + (-2)/t. Let o(f) = -2*f + 11. What is the tens digit of o(v)?
3
Suppose 0 = 5*o - 58 - 27. Let g = -13 + o. Suppose -70 = -3*j + 5*v + 4, -j - g*v + 2 = 0. What is the units digit of j?
8
Suppose -5*n = -2*o - 0 + 2, 13 = 3*o - 5*n. Suppose -o*k - 174 = -12*k. What is the tens digit of k?
7
Suppose -2*b + 5*b - 3023 = 2*c, c - 5 = 0. Suppose -4*i - i - 2*f = -1017, 5*i = 4*f + b. What is the units digit of i?
3
Let u = -32 + 132. Suppose 0 = 3*g + y - u, 4*g - 89 = -5*y + 26. What is the tens digit of g?
3
Let r(z) = 25*z**2 + 13*z - 91. What is the tens digit of r(6)?
8
Let m = 80 + -50. Let l = 90 - m. What is the units digit of l?
0
Let i(t) = -75*t - 4. Let r be 7 + -3 + 3 - -2. Suppose 4*m = r*m + 5. What is the tens digit of i(m)?
7
Let f(u) = u**2 + 11*u + 111. What is the units digit of f(-13)?
7
Let x = -19 + 26. Suppose -2*g = -x*g + 310. What is the tens digit of g?
6
Suppose 3*o = r + 4*r - 52, 0 = 4*r - 8. Let f = o + 15. Suppose f + 2 = 3*c. What is the units digit of c?
1
Let r(a) = a**3 - 9*a**2 + a + 9. Let j be r(9). Let v = j - 5. Suppose 2*g = 2*h - g - 19, 3*g + v = -h. What is the units digit of h?
2
Suppose 4*c = 4*b - 3*b + 10200, -2*c - 3*b = -5100. What is the units digit of c/36 - 2/(-12)?
1
Let z(m) = 10*m**2 + 25*m - 27. What is the hundreds digit of z(-12)?
1
Let d(c) = 5*c + 6. Let i(o) = 3*o + 4. Let u(k) = -5*d(k) + 8*i(k). Let f be u(5). What is the tens digit of 104/6 - f/(-9)?
1
Suppose 4*z = 157 + 7. Suppose -k + z = 1. What is the tens digit of k?
4
Let b be (4/12)/((-2)/(-96)). Let y = -12 + b. Suppose 56 = -2*w + y*w. What is the units digit of w?
8
Let g = 604 - 330. What is the units digit of g/3 + -3 + (-33)/(-9)?
2
Suppose 15*v = 165 + 1800. Let l(n) = 10*n**2 + 3. Let r be l(-3). Let b = v - r. What is the units digit of b?
8
Let u(r) be the second derivative of 0 - 2*r - 2*r**2 + 1/20*r**5 + 2/3*r**3 + 1/2*r**4. What is the units digit of u(-5)?
1
Let m(r) = -3*r**2 + 73*r - 6. What is the hundreds digit of m(8)?
3
What is the tens digit of (154/3 + -1)*6?
0
Let l(k) = -9*k - 5. Let v(f) = 14*f + 7. Let w(y) = 8*l(y) + 5*v(y). Let c = 116 - 119. What is the units digit of w(c)?
1
Suppose 225 = z - 335. Suppose n = 5*n - z. Suppose -6*f + n = -40. What is the units digit of f?
0
Let w(n) = -n**3 + 5*n**2 - 3*n - 1. Let m be w(4). Suppose 0 = -m*x + 5*z + 79, -7*x + 2*x + 70 = 4*z. What is the units digit of x?
8
Let k(d) = -2*d - 4. Let q be k(-11). Suppose -3*t = -5*p - 105, 2*t + 3*p = -q + 69. What is the units digit of t?
0
Let s be (-8)/((-2)/(-16)*-2). Let v = -530 - -534. What is the units digit of 1 + s + v - -1?
8
Suppose 0 = -5*o + 17 - 2. Suppose 2*d + o*k + 670 = 7*d, -15 = -3*k. What is the hundreds digit of d?
1
Let z(f) = -6*f + 2. Let g be z(-2). Let r be ((-1)/3)/((-2)/60). Let b = g - r. What is the units digit of b?
4
Let c = -52 + 41. Let x = c + 64. What is the tens digit of x?
5
Let h(t) = -t**3 - 10*t**2 - 8*t - 19. Let j be h(-6). What is the hundreds digit of j/2*(-17)/(510/168)?
3
Let m(u) = 38*u - 34. Let i be 30/(-2 + -4) + 9. What is the tens digit of m(i)?
1
Let r = -9 + 23. Let s(n) = n**2 - 15*n + 10. Let x be s(r). Let p(m) = -3*m - 2. What is the tens digit of p(x)?
1
Let b(f) = -18*f - 199. What is the units digit of b(-42)?
7
Suppose 2*t - 40 + 38 = 0. What is the tens digit of (-9)/(-6)*t*(120 + 2)?
8
Suppose 2 = -m + 2